{"id":130,"date":"2020-09-24T21:50:48","date_gmt":"2020-09-24T19:50:48","guid":{"rendered":"http:\/\/www.noloend.it\/?page_id=130"},"modified":"2020-09-28T16:49:52","modified_gmt":"2020-09-28T14:49:52","slug":"faq","status":"publish","type":"page","link":"https:\/\/www.noloend.it\/?page_id=130","title":{"rendered":"FAQ"},"content":{"rendered":"<p>[et_pb_section fb_built=&#8221;1&#8243; _builder_version=&#8221;4.6.1&#8243; _module_preset=&#8221;default&#8221; background_color=&#8221;#ED3325&#8243; locked=&#8221;off&#8221;][et_pb_row _builder_version=&#8221;4.6.1&#8243; _module_preset=&#8221;default&#8221; width=&#8221;70%&#8221; max_width=&#8221;100%&#8221;][et_pb_column type=&#8221;4_4&#8243; _builder_version=&#8221;4.6.1&#8243; _module_preset=&#8221;default&#8221;][et_pb_text _builder_version=&#8221;4.6.1&#8243; _module_preset=&#8221;default&#8221; text_font=&#8221;|700|||||||&#8221; text_text_color=&#8221;#ffffff&#8221; text_font_size=&#8221;48px&#8221; header_font=&#8221;|700|||||||&#8221; custom_padding=&#8221;||0px|||&#8221;]<\/p>\n<p>FAQ<\/p>\n<p>[\/et_pb_text][\/et_pb_column][\/et_pb_row][\/et_pb_section][et_pb_section fb_built=&#8221;1&#8243; _builder_version=&#8221;4.6.1&#8243; _module_preset=&#8221;default&#8221;][et_pb_row _builder_version=&#8221;4.6.1&#8243; _module_preset=&#8221;default&#8221; width=&#8221;70%&#8221; max_width=&#8221;100%&#8221;][et_pb_column type=&#8221;4_4&#8243; _builder_version=&#8221;4.6.1&#8243; _module_preset=&#8221;default&#8221;][et_pb_accordion _builder_version=&#8221;4.6.1&#8243; _module_preset=&#8221;default&#8221; hover_enabled=&#8221;0&#8243; sticky_enabled=&#8221;0&#8243;][et_pb_accordion_item title=&#8221;CHI PU\u00d2 ACCEDERE AL NOLEGGIO OPERATIVO?&#8221; icon_color=&#8221;#e02b20&#8243; use_icon_font_size=&#8221;on&#8221; open_toggle_text_color_last_edited=&#8221;off|desktop&#8221; _builder_version=&#8221;4.6.1&#8243; _module_preset=&#8221;default&#8221; hover_enabled=&#8221;0&#8243; toggle_font=&#8221;|700|||||||&#8221; toggle_font_size=&#8221;24px&#8221; closed_toggle_font=&#8221;|700|||||||&#8221; closed_toggle_font_size=&#8221;24px&#8221; toggle_font_size_tablet=&#8221;17px&#8221; toggle_font_size_phone=&#8221;17px&#8221; toggle_font_size_last_edited=&#8221;on|desktop&#8221; closed_toggle_font_size_tablet=&#8221;17px&#8221; closed_toggle_font_size_phone=&#8221;17px&#8221; closed_toggle_font_size_last_edited=&#8221;on|phone&#8221; open=&#8221;off&#8221; body_font_size=&#8221;16px&#8221; sticky_enabled=&#8221;0&#8243;]<\/p>\n<p>Pu\u00f2 accedere qualunque partita IVA che abbia almeno due anni di attivit\u00e0 dimostrabili. Per attivit\u00e0 neocostituite o con meno di due anni di storia, \u00e8 possibile il finanziamento solo se con fidejussione bancaria da parte dell\u2019istituto di credito del cliente.<\/p>\n<p>[\/et_pb_accordion_item][et_pb_accordion_item title=&#8221;QUALI BENI POSSONO ESSERE FINANZIATI?&#8221; icon_color=&#8221;#e02b20&#8243; use_icon_font_size=&#8221;on&#8221; _builder_version=&#8221;4.6.1&#8243; _module_preset=&#8221;default&#8221; toggle_font=&#8221;|700|||||||&#8221; toggle_font_size=&#8221;24px&#8221; closed_toggle_font=&#8221;|700|||||||&#8221; closed_toggle_font_size=&#8221;24px&#8221; toggle_font_size_tablet=&#8221;17px&#8221; toggle_font_size_phone=&#8221;17px&#8221; toggle_font_size_last_edited=&#8221;on|desktop&#8221; closed_toggle_font_size_tablet=&#8221;17px&#8221; closed_toggle_font_size_phone=&#8221;17px&#8221; closed_toggle_font_size_last_edited=&#8221;on|phone&#8221; open=&#8221;off&#8221; body_font_size=&#8221;16px&#8221;]<\/p>\n<p>Tutti i beni strumentali atti allo svolgimento dell\u2019attivit\u00e0 descritta nel camerale, previa accettazione della finanziaria (beni graditi).<\/p>\n<p>[\/et_pb_accordion_item][et_pb_accordion_item title=&#8221;POSSO NOLEGGIARE BENI USATI?&#8221; icon_color=&#8221;#e02b20&#8243; use_icon_font_size=&#8221;on&#8221; _builder_version=&#8221;4.6.1&#8243; _module_preset=&#8221;default&#8221; toggle_font=&#8221;|700|||||||&#8221; toggle_font_size=&#8221;24px&#8221; closed_toggle_font=&#8221;|700|||||||&#8221; closed_toggle_font_size=&#8221;24px&#8221; toggle_font_size_tablet=&#8221;17px&#8221; toggle_font_size_phone=&#8221;17px&#8221; toggle_font_size_last_edited=&#8221;on|desktop&#8221; closed_toggle_font_size_tablet=&#8221;17px&#8221; closed_toggle_font_size_phone=&#8221;17px&#8221; closed_toggle_font_size_last_edited=&#8221;on|phone&#8221; open=&#8221;off&#8221; body_font_size=&#8221;16px&#8221;]<\/p>\n<p>Certamente, basta che il locatario firmi un apposito modulo di accettazione di beni usati.<\/p>\n<p>[\/et_pb_accordion_item][et_pb_accordion_item title=&#8221;QUANTO COSTA FARE L&#8217;ISTRUTTORIA DELLA PRATICA?&#8221; icon_color=&#8221;#e02b20&#8243; use_icon_font_size=&#8221;on&#8221; _builder_version=&#8221;4.6.1&#8243; _module_preset=&#8221;default&#8221; toggle_font=&#8221;|700|||||||&#8221; toggle_font_size=&#8221;24px&#8221; closed_toggle_font=&#8221;|700|||||||&#8221; closed_toggle_font_size=&#8221;24px&#8221; toggle_font_size_tablet=&#8221;17px&#8221; toggle_font_size_phone=&#8221;17px&#8221; toggle_font_size_last_edited=&#8221;on|desktop&#8221; closed_toggle_font_size_tablet=&#8221;17px&#8221; closed_toggle_font_size_phone=&#8221;17px&#8221; closed_toggle_font_size_last_edited=&#8221;on|phone&#8221; open=&#8221;on&#8221; body_font_size=&#8221;16px&#8221;]<\/p>\n<p>L\u2019istruttoria costa \u20ac75 + IVA da pagarsi alla stipula del contratto.<\/p>\n<p>[\/et_pb_accordion_item][et_pb_accordion_item title=&#8221;SI POSSONO FARE VERIFICHE PREVENTIVE SUL LOCATARIO O SUL FORNITORE?&#8221; icon_color=&#8221;#e02b20&#8243; use_icon_font_size=&#8221;on&#8221; _builder_version=&#8221;4.6.1&#8243; _module_preset=&#8221;default&#8221; toggle_font=&#8221;|700|||||||&#8221; toggle_font_size=&#8221;24px&#8221; closed_toggle_font=&#8221;|700|||||||&#8221; closed_toggle_font_size=&#8221;24px&#8221; toggle_font_size_tablet=&#8221;17px&#8221; toggle_font_size_phone=&#8221;17px&#8221; toggle_font_size_last_edited=&#8221;on|desktop&#8221; closed_toggle_font_size_tablet=&#8221;17px&#8221; closed_toggle_font_size_phone=&#8221;17px&#8221; closed_toggle_font_size_last_edited=&#8221;on|phone&#8221; open=&#8221;off&#8221; body_font_size=&#8221;16px&#8221;]<\/p>\n<p><strong>Non sono possibili<\/strong> verifiche preventive per la normativa sulla privacy; ogni verifica (istruttoria) \u00e8 finalizzata alla firma del contratto di locazione.<\/p>\n<p>[\/et_pb_accordion_item][et_pb_accordion_item title=&#8221;COME SI CALCOLA LA RATA MENSILE?&#8221; icon_color=&#8221;#e02b20&#8243; use_icon_font_size=&#8221;on&#8221; _builder_version=&#8221;4.6.1&#8243; _module_preset=&#8221;default&#8221; toggle_font=&#8221;|700|||||||&#8221; toggle_font_size=&#8221;24px&#8221; closed_toggle_font=&#8221;|700|||||||&#8221; closed_toggle_font_size=&#8221;24px&#8221; toggle_font_size_tablet=&#8221;17px&#8221; toggle_font_size_phone=&#8221;17px&#8221; toggle_font_size_last_edited=&#8221;on|desktop&#8221; closed_toggle_font_size_tablet=&#8221;17px&#8221; closed_toggle_font_size_phone=&#8221;17px&#8221; closed_toggle_font_size_last_edited=&#8221;on|phone&#8221; open=&#8221;off&#8221; body_font_size=&#8221;16px&#8221;]<\/p>\n<p>Nolo&amp;nd fornisce, a richiesta, un preventivo di spesa dettagliato per ogni offerta da finanziare, ed in caso di rapporto continuativo fornisce appositi strumenti per il calcolo della rata.<\/p>\n<p>[\/et_pb_accordion_item][et_pb_accordion_item title=&#8221;CI SONO ALTRI COSTI OLTRE LA RATA MENSILE?&#8221; icon_color=&#8221;#e02b20&#8243; use_icon_font_size=&#8221;on&#8221; _builder_version=&#8221;4.6.1&#8243; _module_preset=&#8221;default&#8221; toggle_font=&#8221;|700|||||||&#8221; toggle_font_size=&#8221;24px&#8221; closed_toggle_font=&#8221;|700|||||||&#8221; closed_toggle_font_size=&#8221;24px&#8221; toggle_font_size_tablet=&#8221;17px&#8221; toggle_font_size_phone=&#8221;17px&#8221; toggle_font_size_last_edited=&#8221;on|desktop&#8221; closed_toggle_font_size_tablet=&#8221;17px&#8221; closed_toggle_font_size_phone=&#8221;17px&#8221; closed_toggle_font_size_last_edited=&#8221;on|phone&#8221; open=&#8221;off&#8221; body_font_size=&#8221;16px&#8221;]<\/p>\n<p>Oltre la rata mensile vengono fatturate: l\u2019assicurazione annuale (se si \u00e8 scelto di aderire alla polizza della finanziaria); la prelocazione e l\u2019eventuale riacquisto a fine locazione.<\/p>\n<p>[\/et_pb_accordion_item][et_pb_accordion_item title=&#8221;COS&#8217;\u00c8 LA PRELOCAZIONE?&#8221; icon_color=&#8221;#e02b20&#8243; use_icon_font_size=&#8221;on&#8221; _builder_version=&#8221;4.6.1&#8243; _module_preset=&#8221;default&#8221; toggle_font=&#8221;|700|||||||&#8221; toggle_font_size=&#8221;24px&#8221; closed_toggle_font=&#8221;|700|||||||&#8221; closed_toggle_font_size=&#8221;24px&#8221; toggle_font_size_tablet=&#8221;17px&#8221; toggle_font_size_phone=&#8221;17px&#8221; toggle_font_size_last_edited=&#8221;on|desktop&#8221; closed_toggle_font_size_tablet=&#8221;17px&#8221; closed_toggle_font_size_phone=&#8221;17px&#8221; closed_toggle_font_size_last_edited=&#8221;on|phone&#8221; open=&#8221;off&#8221; body_font_size=&#8221;16px&#8221;]<\/p>\n<p>Il contratto decorre il primo giorno del mese solare successivo alla data di consegna dei beni in caso di contratti mensili. Il contratto decorre il primo giorno del trimestre solare successivo alla data di consegna dei beni in caso di contratti trimestrali. Il periodo che intercorre tra la data di consegna dei beni e il primo giorno mensile\/trimestrale di decorrenza contratto \u00e8 da considerarsi <strong>prelocazione<\/strong>, che va ad aggiungersi al numero dei mesi previsti dal contratto. In termini di valore, il canone giornaliero di prelocazione corrisponde al costo giornaliero della rata per il numero di giorni di prelocazione.<\/p>\n<p>[\/et_pb_accordion_item][et_pb_accordion_item title=&#8221;COME FUNZIONA L&#8217;ASSICURAZIONE?&#8221; icon_color=&#8221;#e02b20&#8243; use_icon_font_size=&#8221;on&#8221; _builder_version=&#8221;4.6.1&#8243; _module_preset=&#8221;default&#8221; toggle_font=&#8221;|700|||||||&#8221; toggle_font_size=&#8221;24px&#8221; closed_toggle_font=&#8221;|700|||||||&#8221; closed_toggle_font_size=&#8221;24px&#8221; toggle_font_size_tablet=&#8221;17px&#8221; toggle_font_size_phone=&#8221;17px&#8221; toggle_font_size_last_edited=&#8221;on|desktop&#8221; closed_toggle_font_size_tablet=&#8221;17px&#8221; closed_toggle_font_size_phone=&#8221;17px&#8221; closed_toggle_font_size_last_edited=&#8221;on|phone&#8221; open=&#8221;off&#8221; body_font_size=&#8221;16px&#8221;]<\/p>\n<p>L\u2019assicurazione a copertura dei beni pu\u00f2 essere indifferentemente quella proposta dalla finanziaria o l\u2019assicurazione del locatario stesso, a condizione che abbia le coperture minime richieste (incendio, furto e fenomeno elettrico per beni di terzi). La scelta del tipo di assicurazione \u00e8 da effettuarsi in fase di stipula contrattuale con facolt\u00e0 di cambio ad ogni scadenza annuale. Nel contratto di locazione vengono proposte anche le condizioni contrattuali e di copertura dell\u2019assicurazione della finanziaria.<\/p>\n<p>[\/et_pb_accordion_item][et_pb_accordion_item title=&#8221;QUANDO MI SAR\u00c0 PAGATA LA FATTURA PER LE APPARECCHIATURE FORNITE IN LOCAZIONE AL CLIENTE?&#8221; icon_color=&#8221;#e02b20&#8243; use_icon_font_size=&#8221;on&#8221; _builder_version=&#8221;4.6.1&#8243; _module_preset=&#8221;default&#8221; toggle_font=&#8221;|700|||||||&#8221; toggle_font_size=&#8221;24px&#8221; closed_toggle_font=&#8221;|700|||||||&#8221; closed_toggle_font_size=&#8221;24px&#8221; toggle_font_size_tablet=&#8221;17px&#8221; toggle_font_size_phone=&#8221;17px&#8221; toggle_font_size_last_edited=&#8221;on|desktop&#8221; closed_toggle_font_size_tablet=&#8221;17px&#8221; closed_toggle_font_size_phone=&#8221;17px&#8221; closed_toggle_font_size_last_edited=&#8221;on|phone&#8221; open=&#8221;off&#8221; body_font_size=&#8221;16px&#8221;]<\/p>\n<p>Nolo&amp;nd si impegna, nell\u2019arco di due giorni lavorativi, subito dopo la ricezione di tutti i documenti richiesti, a pagare le fatture del rivenditore specializzato, consentendogli di operare in tutta sicurezza \u2013 senza crediti aperti.<\/p>\n<p>[\/et_pb_accordion_item][et_pb_accordion_item title=&#8221;A PARTIRE DA QUALE IMPORTO \u00c8 POSSIBILE ACCEDERE ALLE SOLUZIONI DI NOLO&#038;ND?&#8221; icon_color=&#8221;#e02b20&#8243; use_icon_font_size=&#8221;on&#8221; _builder_version=&#8221;4.6.1&#8243; _module_preset=&#8221;default&#8221; toggle_font=&#8221;|700|||||||&#8221; toggle_font_size=&#8221;24px&#8221; closed_toggle_font=&#8221;|700|||||||&#8221; closed_toggle_font_size=&#8221;24px&#8221; toggle_font_size_tablet=&#8221;17px&#8221; toggle_font_size_phone=&#8221;17px&#8221; toggle_font_size_last_edited=&#8221;on|desktop&#8221; closed_toggle_font_size_tablet=&#8221;17px&#8221; closed_toggle_font_size_phone=&#8221;17px&#8221; closed_toggle_font_size_last_edited=&#8221;on|phone&#8221; open=&#8221;off&#8221; body_font_size=&#8221;16px&#8221;]<\/p>\n<p>Con Nolo&amp;nd la locazione \u00e8 possibile gi\u00e0 a partire da un prezzo d\u2019acquisto netto di \u20ac 1000, consentendovi di realizzare anche piccoli investimenti.<\/p>\n<p>[\/et_pb_accordion_item][et_pb_accordion_item title=&#8221;QUANDO ENTRA IN VIGORE IL CONTRATTO DI LOCAZIONE?&#8221; icon_color=&#8221;#e02b20&#8243; use_icon_font_size=&#8221;on&#8221; _builder_version=&#8221;4.6.1&#8243; _module_preset=&#8221;default&#8221; toggle_font=&#8221;|700|||||||&#8221; toggle_font_size=&#8221;24px&#8221; closed_toggle_font=&#8221;|700|||||||&#8221; closed_toggle_font_size=&#8221;24px&#8221; toggle_font_size_tablet=&#8221;17px&#8221; toggle_font_size_phone=&#8221;17px&#8221; toggle_font_size_last_edited=&#8221;on|desktop&#8221; closed_toggle_font_size_tablet=&#8221;17px&#8221; closed_toggle_font_size_phone=&#8221;17px&#8221; closed_toggle_font_size_last_edited=&#8221;on|phone&#8221; open=&#8221;off&#8221; body_font_size=&#8221;16px&#8221;]<\/p>\n<p>Con una dichiarazione di presa in carico, confermate la ricezione del bene oggetto di locazione. Un elemento importante di tale dichiarazione \u00e8 la data di presa in carico, che viene presa a riferimento per il calcolo della data di decorrenza del contratto. Il contratto di locazione decorre dal mese successivo alla data di presa in consegna. Per il periodo di tempo intercorrente tra il giorno di presa in consegna e la successiva scadenza di pagamento, dovr\u00e0 essere riconosciuta per ogni giorno di utilizzo un\u2019indennit\u00e0 pari a 1\/30 del canone mensile. Questo intervallo di tempo non influisce in alcun modo sulla durata del contratto.<\/p>\n<p>[\/et_pb_accordion_item][et_pb_accordion_item title=&#8221;\u00c8 PREVISTA LA RISOLUZIONE ANTICIPATA DEL CONTRATTO DI LOCAZIONE?&#8221; open=&#8221;off&#8221; icon_color=&#8221;#e02b20&#8243; use_icon_font_size=&#8221;on&#8221; _builder_version=&#8221;4.6.1&#8243; _module_preset=&#8221;default&#8221; toggle_font=&#8221;|700|||||||&#8221; toggle_font_size=&#8221;24px&#8221; closed_toggle_font=&#8221;|700|||||||&#8221; closed_toggle_font_size=&#8221;24px&#8221; toggle_font_size_tablet=&#8221;17px&#8221; toggle_font_size_phone=&#8221;17px&#8221; toggle_font_size_last_edited=&#8221;on|desktop&#8221; closed_toggle_font_size_tablet=&#8221;17px&#8221; closed_toggle_font_size_phone=&#8221;17px&#8221; closed_toggle_font_size_last_edited=&#8221;on|phone&#8221; body_font_size=&#8221;16px&#8221;]<\/p>\n<p>Con la stipula del contratto di locazione le parti concordano la copertura integrale dei costi di acquisto, mediante il versamento di tutte le rate.<\/p>\n<p>Il contratto di locazione pu\u00f2 essere estinto anticipatamente in qualsiasi momento, a condizione che vengano saldate le rate residue, dalla data di richiesta, al termine del contratto, in un\u2019unica soluzione, e nello stesso tempo il bene venga resitituito al dipartimento Asset Broker della finanziaria.<\/p>\n<p>[\/et_pb_accordion_item][\/et_pb_accordion][\/et_pb_column][\/et_pb_row][\/et_pb_section]<\/p>\n","protected":false},"excerpt":{"rendered":"<p>[et_pb_section fb_built=&#8221;1&#8243; _builder_version=&#8221;4.6.1&#8243; _module_preset=&#8221;default&#8221; background_color=&#8221;#ED3325&#8243; locked=&#8221;off&#8221;][et_pb_row _builder_version=&#8221;4.6.1&#8243; _module_preset=&#8221;default&#8221; width=&#8221;70%&#8221; max_width=&#8221;100%&#8221;][et_pb_column type=&#8221;4_4&#8243; _builder_version=&#8221;4.6.1&#8243; _module_preset=&#8221;default&#8221;][et_pb_text _builder_version=&#8221;4.6.1&#8243; _module_preset=&#8221;default&#8221; text_font=&#8221;|700|||||||&#8221; text_text_color=&#8221;#ffffff&#8221; text_font_size=&#8221;48px&#8221; header_font=&#8221;|700|||||||&#8221; custom_padding=&#8221;||0px|||&#8221;] FAQ [\/et_pb_text][\/et_pb_column][\/et_pb_row][\/et_pb_section][et_pb_section fb_built=&#8221;1&#8243; _builder_version=&#8221;4.6.1&#8243; _module_preset=&#8221;default&#8221;][et_pb_row _builder_version=&#8221;4.6.1&#8243; _module_preset=&#8221;default&#8221; width=&#8221;70%&#8221; max_width=&#8221;100%&#8221;][et_pb_column type=&#8221;4_4&#8243; _builder_version=&#8221;4.6.1&#8243; _module_preset=&#8221;default&#8221;][et_pb_accordion _builder_version=&#8221;4.6.1&#8243; _module_preset=&#8221;default&#8221; hover_enabled=&#8221;0&#8243; sticky_enabled=&#8221;0&#8243;][et_pb_accordion_item title=&#8221;CHI PU\u00d2 ACCEDERE AL NOLEGGIO OPERATIVO?&#8221; icon_color=&#8221;#e02b20&#8243; use_icon_font_size=&#8221;on&#8221; open_toggle_text_color_last_edited=&#8221;off|desktop&#8221; _builder_version=&#8221;4.6.1&#8243; _module_preset=&#8221;default&#8221; hover_enabled=&#8221;0&#8243; toggle_font=&#8221;|700|||||||&#8221; toggle_font_size=&#8221;24px&#8221; closed_toggle_font=&#8221;|700|||||||&#8221; closed_toggle_font_size=&#8221;24px&#8221; toggle_font_size_tablet=&#8221;17px&#8221; toggle_font_size_phone=&#8221;17px&#8221; toggle_font_size_last_edited=&#8221;on|desktop&#8221; [&hellip;]<\/p>\n","protected":false},"author":1,"featured_media":0,"parent":0,"menu_order":0,"comment_status":"closed","ping_status":"closed","template":"","meta":{"_et_pb_use_builder":"on","_et_pb_old_content":"","_et_gb_content_width":""},"_links":{"self":[{"href":"https:\/\/www.noloend.it\/index.php?rest_route=\/wp\/v2\/pages\/130"}],"collection":[{"href":"https:\/\/www.noloend.it\/index.php?rest_route=\/wp\/v2\/pages"}],"about":[{"href":"https:\/\/www.noloend.it\/index.php?rest_route=\/wp\/v2\/types\/page"}],"author":[{"embeddable":true,"href":"https:\/\/www.noloend.it\/index.php?rest_route=\/wp\/v2\/users\/1"}],"replies":[{"embeddable":true,"href":"https:\/\/www.noloend.it\/index.php?rest_route=%2Fwp%2Fv2%2Fcomments&post=130"}],"version-history":[{"count":9,"href":"https:\/\/www.noloend.it\/index.php?rest_route=\/wp\/v2\/pages\/130\/revisions"}],"predecessor-version":[{"id":149,"href":"https:\/\/www.noloend.it\/index.php?rest_route=\/wp\/v2\/pages\/130\/revisions\/149"}],"wp:attachment":[{"href":"https:\/\/www.noloend.it\/index.php?rest_route=%2Fwp%2Fv2%2Fmedia&parent=130"}],"curies":[{"name":"wp","href":"https:\/\/api.w.org\/{rel}","templated":true}]}}